posite?
False
Suppose -270*h + 179210847 + 37063292 = 57060269. Is h a composite number?
False
Suppose -39*o - 156 = -33*o. Is (o/4)/(2/(-4772)) composite?
True
Let f(t) = 5141*t**2 - 26*t - 271. Is f(-8) a prime number?
True
Is (-217 - 292)/((-1)/167) prime?
False
Let l(t) = -t**3 + 22*t**2 - 39*t - 18. Let y be l(20). Suppose -20794 = -y*j + 5*d, -j + 6*j + 2*d = 51985. Is j a composite number?
True
Let f(u) = -u**3 - 18*u**2 + 18*u - 17. Let q(l) = 11*l + 3. Let k be q(-2). Let c be f(k). Suppose -3*d = -0*d, 4*d = c*v - 2134. Is v composite?
True
Let d(c) = -6078*c - 8381*c - 25 + 2337*c. Is d(-1) composite?
False
Suppose 4 = 4*n - 4*z - z, -3*n + 6 = -3*z. Suppose -7*i = -4*i - n. Suppose 3*y = 2*u + i*y - 1265, -u = 5*y - 660. Is u a prime number?
False
Suppose y + 9 = 3*l, -8*y + 4*l + 10 = -3*y. Let b(q) = 676*q - 67. Is b(y) composite?
False
Let z(l) = 11*l**3 + 10*l**2 - 9*l - 9. Let p(b) = b**3 + 10*b**2 + 19*b - 6. Let u be p(-7). Is z(u) a composite number?
True
Let a(x) = 494*x + 178 - 80 + 119*x - 52. Is a(7) composite?
False
Let o(y) = 11*y + 159. Let g be o(-14). Suppose -2*u + 28564 = -2*z, -5*u + 71404 = g*z - 4*z. Is u a prime number?
True
Let l(x) = -4*x**2 - 117*x - 24. Let h be l(-29). Suppose o + q = 3*o - 9907, -9895 = -2*o + h*q. Is o composite?
True
Let i = -600349 + 1147962. Is i composite?
True
Let g = -13894 - -47105. Is g composite?
False
Suppose -v - 13 = -18. Suppose d - 2*d = 3*k - 3, -15 = v*d. Suppose 0 = -4*n - 2*s + 710, -7*n + 891 = -k*n - s. Is n prime?
False
Let j(g) = 251*g + 69*g - 4 - 33*g - 54. Let y be j(13). Suppose -3*c - 7 + 19 = 0, 5*z = 3*c + y. Is z prime?
False
Let r = 236139 - 86900. Is r composite?
False
Let u = -46 - -48. Suppose -3*y - 18 = -2*j, -y + 25 = 3*j - u. Suppose -1197 = -18*a + j*a. Is a a prime number?
False
Let u be 6*(-63)/12*(-24)/28. Let s = u - 24. Suppose -1522 = s*o - 6673. Is o prime?
False
Let z = -35 - 106. Is (6 + 84/(-9))/(2/z) a composite number?
True
Let l = -33027 - -545566. Is l a prime number?
False
Let s = -199 + 199. Suppose s = 3*v - 7578 - 2175. Is v a composite number?
False
Suppose -1037668 - 21070466 = -114*m. Is m prime?
False
Suppose 17*u - 25*u = 0. Suppose -30636 = -3*b + 3*a, 10197 = b - u*a + 2*a. Is b prime?
False
Let w be (5 - (-1 - -2)) + (53 - -21). Let l = 84 - w. Let g(p) = 69*p**2 - 8*p + 1. Is g(l) a prime number?
True
Suppose 2*k + 1045 = -307. Is (961610/k)/(-1 + 2/4) prime?
False
Suppose -79 = -13*z - 27. Suppose -35*n = -z*n - 318091. Is n composite?
True
Let p(t) = -91*t**2 + 11. Let j be p(-4). Let i be (-2)/(-3) + 23860/(-6). Let k = j - i. Is k a composite number?
False
Let d(g) = 913*g. Let f = 58 + -41. Suppose -2*l + f = -3*c, 3*l - c + 3*c + 7 = 0. Is d(l) a composite number?
True
Let i(y) = y**2 + 10*y + 152. Let u = 480 - 509. Is i(u) a composite number?
True
Suppose -4*p + 8*f - 10*f = -60890, 0 = -p + 2*f + 15225. Let b = -6 - -10. Suppose 0*d = -d + 2, p = 5*c + b*d. Is c a prime number?
False
Let t = -53 - -57. Suppose t*l - 180 = 2*y, -6*y + 5*y = 4*l - 186. Is (-8 - l/(-6))/((-2)/894) composite?
False
Let y(q) = -41*q + 12. Let o(u) = -u**3 - 5*u**2 - u - 3. Let v be o(-5). Let s(w) = 21*w - 6. Let m(g) = v*y(g) + 5*s(g). Is m(13) a prime number?
True
Let q(c) = -2*c**3 + 19*c**2 + 10*c - 1. Let v be q(10). Is (v/3)/(14/(-6846)) a composite number?
False
Suppose -4*j + 14*p - 18*p = -20812, -3*j = -p - 15633. Is j a prime number?
True
Let b(z) = -5951*z**2 + 5*z + 5. Let d be b(-1). Let x = -3020 - d. Is x a composite number?
True
Let v(p) = -11076*p**2 + 10*p - 21. Let h(q) = 22151*q**2 - 20*q + 44. Let r(t) = -6*h(t) - 13*v(t). Is r(1) a composite number?
True
Let u = -33 - 16. Let m = -47 - u. Suppose m*b - 332 - 102 = 0. Is b prime?
False
Suppose -5*c - 558*k + 4423168 = -559*k, -3*k + 4423156 = 5*c. Is c a prime number?
False
Let c(z) be the second derivative of -z**5/20 + 4*z**4/3 - 4*z**3/3 + 7*z**2/2 - z. Let l be -1*(-4 + 6) - -14. Is c(l) prime?
True
Let f(o) = o**2 + o + 998. Let m be f(0). Let a = m + -108. Suppose 7*z = 5*z + a. Is z prime?
False
Suppose -7*i - 5*r - 25 = -6*i, r = 5. Let k(s) = 244*s + 13. Let u be k(-10). Is (3 - i/(-15))*u composite?
False
Let h(n) = 17600*n - 49. Is h(1) prime?
True
Suppose 4*f - 331256 = -5*k + 239447, 5*f + 114158 = k. Is k a composite number?
False
Suppose 17 = 2*w + 3. Is 1*(w + (1496 - 6)) a prime number?
False
Let y(k) = 2*k**3 + k**2 + k - 2. Let x = 34 + -33. Let z be y(x). Suppose -z*a + 6*a = 248. Is a a composite number?
True
Let f be 10/(1137/(-3438) - 1/(-3)). Suppose -2*d - 4*g + 1540 = 0, -5*d - 2*g = -7*g - f. Suppose 4082 = 4*n + d. Is n prime?
True
Let i be 2122 + -1 + 4/(2 - -2). Suppose 0 = -4*g - 4*v + 7852, 2*g - i = v + 1810. Let n = -1044 + g. Is n a prime number?
False
Let o be (-4169)/(-2) + ((-195)/(-30) - 5). Let j(w) = w**2 - w + 329. Let n be j(0). Let u = o - n. Is u a prime number?
False
Let f be 11600/36 - (-6)/(-27). Let w = -88 - -122. Suppose -w - f = -4*t. Is t prime?
True
Suppose -20*x + 18 = -29*x. Is (2/(-4) + x)*(-3596358)/285 composite?
False
Suppose 4*n + 9*n = 104. Let f(l) = -l**3 + 24*l**2 - 4*l - 10. Let z be f(n). Suppose 6*i + z = 14920. Is i a composite number?
True
Suppose 5*v - 3 = 12. Suppose 2*h = 3*z + 15, 5*h + v*z - 50 = -2*z. Is h/(-18) - (-2454)/4 a prime number?
True
Let z be 18 + -14 + -8602 + 5. Let u = 8874 - z. Is u prime?
True
Let u(i) = -i**2 - 3*i + 27. Let o be u(0). Is 26199/o - (-2)/3 prime?
True
Let v = 186 + -256. Is (6247/(-2))/(35/v) a composite number?
False
Suppose -d + 2*l = -169313, -208*d = -212*d + 5*l + 677276. Is d a prime number?
False
Let g be ((-2634)/(-15))/(-2) + (-2)/10. Let i be ((-9)/(-12))/(3/(-108)). Is -4 + g/12*i composite?
True
Suppose 73186 = -25*l + 713411. Is l a prime number?
True
Let x be 6*(9 + 343/(-42)). Suppose -f + 3*f - 3*u - 19631 = 0, 0 = 4*f - x*u - 39259. Is f a prime number?
True
Let i(f) = 14*f**3 - f**2 + 16*f - 56. Is i(9) a prime number?
False
Let r be ((-108)/144)/((-6)/(-40)). Is r/(135/(-9))*9978 composite?
True
Suppose -62*o = -64*o - 566. Suppose 5*y = y - 2776. Let s = o - y. Is s a composite number?
True
Let a be 2 + 9/((-27)/(-12)) + 4. Suppose 0 = 19*l - 17*l - a. Is 115 + l - (-1)/1 a composite number?
True
Let y = -1419 - -2081. Suppose -5*h + y - 6942 = 0. Let m = 2157 + h. Is m a composite number?
True
Let k(p) = -25*p - 53. Is k(-66) a prime number?
True
Let y(s) = -400*s**2 - 25*s + 86. Let b be y(4). Is (-4)/(-4) + 6 - b a prime number?
True
Suppose -8*m + 113134 - 22510 = 0. Suppose 3*t = m + 1503. Suppose 2064 = 4*a + 3*n - 15077, 0 = -a + 2*n + t. Is a composite?
False
Let k be ((-54)/48)/9 + 21113/8. Suppose 2*j + 10 = 0, 3*t - 6860 - k = -4*j. Is t prime?
False
Let o = 5494 + -3821. Is o prime?
False
Let h(z) = -z**3 - 39*z**2 - 146*z - 43. Is h(-35) composite?
False
Let l(t) = 42*t**3 - 30*t**2 + 341*t + 26. Is l(21) prime?
True
Suppose w - 30 = 15. Let c = w + -39. Suppose 0*o = -c*o + 582. Is o a composite number?
False
Let p(w) = 3*w**2 + 3*w + 10357. Is p(0) a prime number?
True
Suppose 3*p - 5*m = 24787, 2*p = -2*p - 4*m + 33092. Suppose 5*t - 6*v + 2*v = p, 1677 = t + 5*v. Is t a prime number?
True
Let b(m) = -3*m**3 + 16*m**2 + 12*m + 20. Let z be b(-6). Suppose -1283 = -3*s - z. Is s composite?
False
Suppose -4*s = 16, -4*i + 2019 = 5*s - 1441. Suppose -2*k - t + 159 + 195 = 0, 5*t = 5*k - i. Suppose -4*u + k = -408. Is u a prime number?
False
Suppose 0 = 11*h - 36 - 19. Is (-15)/30*h/((-5)/4826) a prime number?
False
Let f(c) = -2*c**3 - 95*c**2 - 436*c - 149. Is f(-58) composite?
False
Let y = 11255 - -26222. Is y prime?
False
Let p(f) = -3188*f**3 + 2*f**2 - 2*f - 2. Let m be p(-1). Suppose -22*l + 18018 = m. Is l a prime number?
False
Is ((-10214)/(-4))/((-73)/(-2482)) a prime number?
False
Let i = 109468 + -65315. Is i a composite number?
True
Suppose 0 = 8*t - 122574 - 3946. Let v = -7998 + t. Is v a composite number?
False
Let r = -261 + 249. Is (-7)/((-126)/r)*11028/(-8) prime?
True
Suppose -2*y - 201*l = -203*l - 305542, -5*l - 458309 = -3*y. Is y a composite number?
True
Suppose -d + 2316 = -0*d + 3*l, -4*l = -d + 2302. Is (25 + -24)/(d/1154 - 2) prime?
True
Suppose -26*c + 46988687 = 9498169. Is c a composite n